{"id":4,"date":"2011-10-12T05:50:07","date_gmt":"2011-10-12T03:50:07","guid":{"rendered":"http:\/\/www.ihkunaabeli.net\/?page_id=4"},"modified":"2015-10-22T13:40:47","modified_gmt":"2015-10-22T10:40:47","slug":"kirjallisuusterapiaohjaaja-satu-piispa-hakala","status":"publish","type":"page","link":"http:\/\/www.ihkunaabeli.net\/?page_id=4","title":{"rendered":"Satu"},"content":{"rendered":"<p>Ihkunaabelia julkaisee kirjailija ja kirjallisuusterapiaohjaaja Satu Piispa-Hakala.<\/p>\n<p><a href=\"http:\/\/www.ihkunaabeli.net\/wp-content\/uploads\/2011\/10\/ihkunaabelinsatu-1-of-1.jpg\"><img loading=\"lazy\" decoding=\"async\" class=\"alignnone size-full wp-image-126\" src=\"http:\/\/www.ihkunaabeli.net\/wp-content\/uploads\/2011\/10\/ihkunaabelinsatu-1-of-1.jpg\" alt=\"ihkunaabelinsatu (1 of 1)\" width=\"400\" height=\"267\" srcset=\"http:\/\/www.ihkunaabeli.net\/wp-content\/uploads\/2011\/10\/ihkunaabelinsatu-1-of-1.jpg 400w, http:\/\/www.ihkunaabeli.net\/wp-content\/uploads\/2011\/10\/ihkunaabelinsatu-1-of-1-300x200.jpg 300w\" sizes=\"auto, (max-width: 400px) 100vw, 400px\" \/><\/a><\/p>\n<p>Monenlaista olen ehtinyt tehd\u00e4 ja monenlaista aion viel\u00e4 ehti\u00e4. Kirjallisuusterapiaa p\u00e4\u00e4dyin opiskelemaan suloisen sattuman kautta. Opintojeni lopputy\u00f6n\u00e4 suunnittelin vertaisryhm\u00e4n v\u00e4kivaltaa kokeneille.\u00a0<a href=\"http:\/\/www.ihkunaabeli.net\/wp-content\/uploads\/2011\/10\/tutkimusmatkalla_minuun__sph_2011.pdf\">Tutkimusmatkalla minuun<\/a>\u00a0-lopputy\u00f6n voit lukea linkist\u00e4. Tutkimusmatkalla minuun -ryhm\u00e4 on toteutettu kahdesti (2012-2013 sek\u00e4 kev\u00e4ttalvella 2014) yhteisty\u00f6ss\u00e4 <a title=\"Viola ry\" href=\"http:\/\/www.violary.fi\" target=\"_blank\">VIOLA &#8211; v\u00e4kivallasta vapaaksi ry<\/a>:n kanssa.<\/p>\n<p>Kirjoittamista olen harrastanut kauan ja yh\u00e4 vakavammin. Tekstej\u00e4ni on julkaistu Mikkelin kirjoittajien Kaksospellehyppy-antologiassa, Maaseudun sivistysliiton Saranakohtia-antologiassa sek\u00e4 Parafraasin Ihmisten tavoille -antologiassa (kirjailija Mari M\u00f6r\u00f6n verkkokirjoittajaryhmien kokoelma).<\/p>\n<p>Loppuvuodesta 2014 ilmestyi Mikkelin kirjoittajien Tavarataivas-antologia, jonka toimituskuntaan kuuluin. Kokoelmasta l\u00f6ytyy my\u00f6s tekstej\u00e4ni. Lis\u00e4ksi olen toimittanut My\u00f6 otettiin l\u00f6t\u00f6t &#8211; lapsena sota-ajan Mikkeliss\u00e4 -muistelusteoksen. Siihen painetut muistot koottiin muisteluryhm\u00e4ss\u00e4, joka kokoontui syksyll\u00e4 2014 Mikkelin Setlementti ry:n Sentraalissa.<\/p>\n<p>Kustannus Aarni julkaisi esikoisromaanini Pieni\u00e4 sankaritekoja helmikuussa 2015.<\/p>\n<p>Tammikuussa 2016 Juvan lukioteatterin ensi-iltaan tulee Himorock &#8211; enemp\u00e4\u00e4 et saa -komedia, jonka olen kirjoittanut yhdess\u00e4 Wilhelm Grotenfeltin ja Johanna Kuusiston kanssa.<\/p>\n<p>Kirjoittaminen on jatkuva hyvinvoinnin l\u00e4hde, tapa olla t\u00e4ss\u00e4 maailmassa. Se lis\u00e4\u00e4 itsetuntemusta ja kasvattaa itseluottamusta. Kirjallisuusterapiaohjaajana minulle on t\u00e4rke\u00e4\u00e4 jakaa keinoja, joilla kirjoittamisesta voi ammentaa parempaa el\u00e4m\u00e4\u00e4.<\/p>\n<p>&nbsp;<\/p>\n","protected":false},"excerpt":{"rendered":"<p>Ihkunaabelia julkaisee kirjailija ja kirjallisuusterapiaohjaaja Satu Piispa-Hakala. Monenlaista olen ehtinyt tehd\u00e4 ja monenlaista aion viel\u00e4 ehti\u00e4. Kirjallisuusterapiaa p\u00e4\u00e4dyin opiskelemaan suloisen sattuman kautta. Opintojeni lopputy\u00f6n\u00e4 suunnittelin vertaisryhm\u00e4n v\u00e4kivaltaa kokeneille.\u00a0Tutkimusmatkalla minuun\u00a0-lopputy\u00f6n voit lukea linkist\u00e4. Tutkimusmatkalla minuun -ryhm\u00e4 on toteutettu kahdesti (2012-2013 sek\u00e4 kev\u00e4ttalvella 2014) yhteisty\u00f6ss\u00e4 VIOLA &#8211; v\u00e4kivallasta vapaaksi ry:n kanssa. Kirjoittamista olen harrastanut kauan ja yh\u00e4 &hellip; <a href=\"http:\/\/www.ihkunaabeli.net\/?page_id=4\" class=\"more-link\">Jatka artikkeliin <span class=\"screen-reader-text\">Satu<\/span><\/a><\/p>\n","protected":false},"author":1,"featured_media":369,"parent":0,"menu_order":1,"comment_status":"closed","ping_status":"closed","template":"","meta":{"footnotes":""},"class_list":["post-4","page","type-page","status-publish","has-post-thumbnail","hentry"],"_links":{"self":[{"href":"http:\/\/www.ihkunaabeli.net\/index.php?rest_route=\/wp\/v2\/pages\/4","targetHints":{"allow":["GET"]}}],"collection":[{"href":"http:\/\/www.ihkunaabeli.net\/index.php?rest_route=\/wp\/v2\/pages"}],"about":[{"href":"http:\/\/www.ihkunaabeli.net\/index.php?rest_route=\/wp\/v2\/types\/page"}],"author":[{"embeddable":true,"href":"http:\/\/www.ihkunaabeli.net\/index.php?rest_route=\/wp\/v2\/users\/1"}],"replies":[{"embeddable":true,"href":"http:\/\/www.ihkunaabeli.net\/index.php?rest_route=%2Fwp%2Fv2%2Fcomments&post=4"}],"version-history":[{"count":27,"href":"http:\/\/www.ihkunaabeli.net\/index.php?rest_route=\/wp\/v2\/pages\/4\/revisions"}],"predecessor-version":[{"id":371,"href":"http:\/\/www.ihkunaabeli.net\/index.php?rest_route=\/wp\/v2\/pages\/4\/revisions\/371"}],"wp:featuredmedia":[{"embeddable":true,"href":"http:\/\/www.ihkunaabeli.net\/index.php?rest_route=\/wp\/v2\/media\/369"}],"wp:attachment":[{"href":"http:\/\/www.ihkunaabeli.net\/index.php?rest_route=%2Fwp%2Fv2%2Fmedia&parent=4"}],"curies":[{"name":"wp","href":"https:\/\/api.w.org\/{rel}","templated":true}]}}